{"id":119,"date":"2022-12-05T20:58:12","date_gmt":"2022-12-05T19:58:12","guid":{"rendered":"https:\/\/tribann.fr\/?page_id=119"},"modified":"2024-11-27T20:36:27","modified_gmt":"2024-11-27T19:36:27","slug":"liens","status":"publish","type":"page","link":"https:\/\/tribann.fr\/index.php\/liens\/","title":{"rendered":"Liens Fraternels"},"content":{"rendered":"\n<h1 class=\"wp-block-heading\"><\/h1>\n\n\n\n<figure class=\"wp-block-image size-full is-resized\"><img decoding=\"async\" loading=\"lazy\" width=\"532\" height=\"800\" src=\"http:\/\/tribann.fr\/wp-content\/uploads\/2022\/12\/photo-10482-2006.jpg\" alt=\"\" class=\"wp-image-151\" style=\"width:169px;height:auto\" srcset=\"https:\/\/tribann.fr\/wp-content\/uploads\/2022\/12\/photo-10482-2006.jpg 532w, https:\/\/tribann.fr\/wp-content\/uploads\/2022\/12\/photo-10482-2006-200x300.jpg 200w\" sizes=\"(max-width: 532px) 100vw, 532px\" \/><figcaption class=\"wp-element-caption\">Habann<\/figcaption><\/figure>\n\n\n\n<p class=\"has-vivid-purple-color has-text-color has-background has-medium-font-size\" style=\"background-color:#f5f7da\"><strong>Chacun d\u00e9tient une part de VERITE et ce ne sera qu\u2019en mettant toutes ces parts en commun que nous pourrons faire avancer la cause que nous d\u00e9fendons tous et qui nous est ch\u00e8re. Il n\u2019y a ni inf\u00e9rieur ni sup\u00e9rieur, il n\u2019y a que des ETRES mus par le m\u00eame id\u00e9al d\u2019Amour et de Libert\u00e9 en recherche de la V\u00e9rit\u00e9, de \u201d SA VERITE \u201c.<\/strong><\/p>\n\n\n\n<p><\/p>\n\n\n\n<p class=\"has-medium-font-size\">Ancien site du Coll\u00e8ge Druidique R\u00e9nov\u00e9 :&nbsp;<a rel=\"noreferrer noopener\" href=\"http:\/\/habann.free.fr\/\" target=\"_blank\">http:\/\/habann.free.fr\/<\/a><\/p>\n\n\n\n<p class=\"has-medium-font-size\"><\/p>\n\n\n\n<p class=\"has-black-color has-text-color has-background has-large-font-size\" style=\"background-color:#ffecb9\">Coll\u00e8ges en liens Fraternels<\/p>\n\n\n\n<hr class=\"wp-block-separator has-alpha-channel-opacity\"\/>\n\n\n\n<p class=\"has-vivid-purple-color has-text-color has-link-color has-medium-font-size wp-elements-2436777ab2c36f682670829a34cc503b\">Cliquez sur les \u00ab\u00a0logos\u00a0\u00bb pour acc\u00e9der au site correspondant<\/p>\n\n\n\n<hr class=\"wp-block-separator has-alpha-channel-opacity\"\/>\n\n\n\n<figure class=\"wp-block-image size-full is-resized\"><a href=\"http:\/\/www.traditiondesdruides.com\"><img decoding=\"async\" loading=\"lazy\" width=\"312\" height=\"271\" src=\"https:\/\/tribann.fr\/wp-content\/uploads\/2023\/10\/logo-occitan-1.jpg\" alt=\"\" class=\"wp-image-533\" style=\"aspect-ratio:1.151291512915129;width:154px;height:auto\" srcset=\"https:\/\/tribann.fr\/wp-content\/uploads\/2023\/10\/logo-occitan-1.jpg 312w, https:\/\/tribann.fr\/wp-content\/uploads\/2023\/10\/logo-occitan-1-300x261.jpg 300w\" sizes=\"(max-width: 312px) 100vw, 312px\" \/><\/a><\/figure>\n\n\n\n<p><strong>Coll\u00e8ge de la Tradition Druidique Occitane&nbsp;<\/strong> que notre fr\u00e8re \/I\\ Garann dirige.<\/p>\n\n\n\n<h2 class=\"wp-block-heading\"><\/h2>\n\n\n\n<hr class=\"wp-block-separator has-alpha-channel-opacity\"\/>\n\n\n\n<figure class=\"wp-block-image size-full is-resized\"><a href=\"https:\/\/clairierebellovaque.webnode.fr\/\"><img decoding=\"async\" loading=\"lazy\" width=\"196\" height=\"80\" src=\"http:\/\/tribann.fr\/wp-content\/uploads\/2022\/12\/image-collee-710-x-290.jpg\" alt=\"\" class=\"wp-image-156\" style=\"aspect-ratio:2.45;width:228px;height:auto\"\/><\/a><\/figure>\n\n\n\n<p>Assembl\u00e9e que notre fr\u00e8re \/|\\ Lanon dirige.<br>Elle fait partie de l\u2019 ALLIANCE DRUIDIQUE FRANCAISE<\/p>\n\n\n\n<h2 class=\"wp-block-heading\"><\/h2>\n\n\n\n<hr class=\"wp-block-separator has-alpha-channel-opacity\"\/>\n\n\n\n<figure class=\"wp-block-image size-large is-resized\"><a href=\"https:\/\/ecoledruidiquerigantona.fr\/\"><img decoding=\"async\" loading=\"lazy\" width=\"1024\" height=\"240\" src=\"http:\/\/tribann.fr\/wp-content\/uploads\/2022\/12\/rigantona-1024x240.jpg\" alt=\"\" class=\"wp-image-154\" style=\"width:542px;height:auto\" srcset=\"https:\/\/tribann.fr\/wp-content\/uploads\/2022\/12\/rigantona-1024x240.jpg 1024w, https:\/\/tribann.fr\/wp-content\/uploads\/2022\/12\/rigantona-300x70.jpg 300w, https:\/\/tribann.fr\/wp-content\/uploads\/2022\/12\/rigantona-768x180.jpg 768w, https:\/\/tribann.fr\/wp-content\/uploads\/2022\/12\/rigantona.jpg 1509w\" sizes=\"(max-width: 1024px) 100vw, 1024px\" \/><\/a><\/figure>\n\n\n\n<p>Ecole cr\u00e9\u00e9e par \/|\\ Pwill (Francois Willigens) que nous connaissons depuis de nombreuses ann\u00e9es<\/p>\n\n\n\n<h2 class=\"wp-block-heading\"><\/h2>\n\n\n\n<hr class=\"wp-block-separator has-alpha-channel-opacity\"\/>\n\n\n\n<figure class=\"wp-block-image size-full is-resized\"><a href=\"https:\/\/www.facebook.com\/druidismelyon\"><img decoding=\"async\" loading=\"lazy\" width=\"760\" height=\"772\" src=\"http:\/\/tribann.fr\/wp-content\/uploads\/2022\/12\/retour-lug.jpg\" alt=\"\" class=\"wp-image-155\" style=\"aspect-ratio:0.9844559585492227;width:219px;height:auto\" srcset=\"https:\/\/tribann.fr\/wp-content\/uploads\/2022\/12\/retour-lug.jpg 760w, https:\/\/tribann.fr\/wp-content\/uploads\/2022\/12\/retour-lug-295x300.jpg 295w\" sizes=\"(max-width: 760px) 100vw, 760px\" \/><\/a><\/figure>\n\n\n\n<p class=\"has-medium-font-size\"><strong>Clairi\u00e8re du Retour de Lug<\/strong><br>Dirig\u00e9e par le \/|\\ Lugvidion<\/p>\n\n\n\n<h2 class=\"wp-block-heading\"><\/h2>\n\n\n\n<hr class=\"wp-block-separator has-alpha-channel-opacity\"\/>\n\n\n\n<figure class=\"wp-block-image size-full\"><a href=\"http:\/\/obod-france.eklablog.com\/la-source-aux-fees-p1232810\"><img decoding=\"async\" loading=\"lazy\" width=\"250\" height=\"276\" src=\"http:\/\/tribann.fr\/wp-content\/uploads\/2022\/12\/sourceauxfees.jpg\" alt=\"\" class=\"wp-image-153\"\/><\/a><\/figure>\n\n\n\n<p>Clairi\u00e8re en lign\u00e9e avec l\u2019OBOD \u2013 France<br>M\u00eame si l\u2019OBOD n\u2019a pas exactement la m\u00eame ligne et les m\u00eames origines que notre Coll\u00e8ge nous gardons un lien fraternelle avec le fr\u00e8re \/|\\ Gwinver<\/p>\n\n\n\n<hr class=\"wp-block-separator has-alpha-channel-opacity\"\/>\n\n\n\n<p class=\"has-small-font-size\"><strong><a href=\"http:\/\/druidisme.eu\">druidisme.eu<\/a><\/strong> &#8212;- Le lien Facebook <a href=\"https:\/\/www.facebook.com\/cantiauassoideuion\/\">https:\/\/www.facebook.com\/cantiauassoideuion\/<\/a><br>La cha\u00eene youtube : <a href=\"https:\/\/www.youtube.com\/watch?v=HzthfN4USxQ&amp;fbclid=IwAR2wYVarGd_K57EA9FFcorUMEWdlNL_XNnu5s5OrIcgz8Heb1oUA3RcuE-w\" target=\"_blank\" rel=\"noreferrer noopener\">https:\/\/www.youtube.com\/watch?v=HzthfN4USxQ<\/a><\/p>\n\n\n\n<p class=\"has-medium-font-size\"><strong>CANTIA UASSOI DEUION<\/strong><\/p>\n\n\n\n<figure class=\"wp-block-image size-full is-resized\"><img decoding=\"async\" loading=\"lazy\" width=\"1000\" height=\"599\" src=\"https:\/\/tribann.fr\/wp-content\/uploads\/2023\/12\/Calendrier_de_Coligny_-_BR.001_-_Musee_Lugdunum.webp\" alt=\"\" class=\"wp-image-963\" style=\"width:399px;height:auto\" srcset=\"https:\/\/tribann.fr\/wp-content\/uploads\/2023\/12\/Calendrier_de_Coligny_-_BR.001_-_Musee_Lugdunum.webp 1000w, https:\/\/tribann.fr\/wp-content\/uploads\/2023\/12\/Calendrier_de_Coligny_-_BR.001_-_Musee_Lugdunum-300x180.webp 300w, https:\/\/tribann.fr\/wp-content\/uploads\/2023\/12\/Calendrier_de_Coligny_-_BR.001_-_Musee_Lugdunum-768x460.webp 768w, https:\/\/tribann.fr\/wp-content\/uploads\/2023\/12\/Calendrier_de_Coligny_-_BR.001_-_Musee_Lugdunum-570x341.webp 570w\" sizes=\"(max-width: 1000px) 100vw, 1000px\" \/><\/figure>\n\n\n\n<p><strong>druidisme.eu<\/strong> le site de notre fr\u00e8re <strong>uindocaruos<\/strong><\/p>\n\n\n\n<p>Extrait d&rsquo;un de ses textes que nous appr\u00e9cions particuli\u00e8rement :<\/p>\n\n\n\n<blockquote class=\"wp-block-quote has-background\" style=\"background-color:#e1f8ee\">\n<p>\u00ab\u00a0<strong>Je r\u00eave<\/strong> d&rsquo;un Druidisme, ayant une profonde envie d&rsquo;enseigner, d&rsquo;\u00e9crire, et de rechercher au grand public comme l&rsquo;ont fait certaines de nos soeurs et de nos fr\u00e8res dont les noms sont reconnus.<br><strong>Je r\u00eave <\/strong>d&rsquo;un Druidisme cherchant r\u00e9ellement la v\u00e9rit\u00e9 \u00e0 la face du monde et qui n&rsquo;utilise pas des mots pour faire simplement de beaux slogans.<br><strong>Je r\u00eave<\/strong> d&rsquo;un Druidisme uni, combattant le charlatanisme, les escrocs, les abuseurs. Je r\u00eave d&rsquo;un Druidisme avec une vraie mystique, une profondeur, pas une illusion masqu\u00e9e d&rsquo;une longue barbe blanche.<br><strong>Je r\u00eave<\/strong> de pouvoir dire de toutes les Druidesses et les Druides qu&rsquo;ils sont mes soeurs et mes fr\u00e8res, en pr\u00e9sence de toutes les puissances Divines et sous les trois rayons de l&rsquo;Incr\u00e9\u00e9.<br>Bien s\u00fbr, cette liste n&rsquo;est pas exhaustive, bien d&rsquo;autres Soeurs et Fr\u00e8res pourraient y figurer pleinement et gr\u00e2ce \u00e0 eux tous, je garde l&rsquo;espoir.<br>Mes soeurs, Mes fr\u00e8res c&rsquo;est \u00e0 nous d&rsquo;\u00e9crire l&rsquo;histoire et de faire de ce r\u00eave une r\u00e9alit\u00e9, \u00e0 chacun sa structure mais ensemble dans l&rsquo;\u00e9volution et la fraternit\u00e9.\u00a0\u00bb<\/p>\n\n\n\n<p>Druide Uindocaruos<br>de la CANTIA UASSOI DEUION<br><\/p>\n<\/blockquote>\n\n\n\n<p>Des livres sont \u00e9galement en vente : https:\/\/www.druidisme.eu\/boutique-en-ligne\/<\/p>\n\n\n\n<figure class=\"wp-block-image size-large is-resized\"><img decoding=\"async\" loading=\"lazy\" width=\"1024\" height=\"683\" src=\"https:\/\/tribann.fr\/wp-content\/uploads\/2024\/11\/3e9d37b5-0038-4be4-87d9-17b45acef2d8-1024x683.jpeg\" alt=\"\" class=\"wp-image-1179\" style=\"width:356px;height:auto\" srcset=\"https:\/\/tribann.fr\/wp-content\/uploads\/2024\/11\/3e9d37b5-0038-4be4-87d9-17b45acef2d8-1024x683.jpeg 1024w, https:\/\/tribann.fr\/wp-content\/uploads\/2024\/11\/3e9d37b5-0038-4be4-87d9-17b45acef2d8-300x200.jpeg 300w, https:\/\/tribann.fr\/wp-content\/uploads\/2024\/11\/3e9d37b5-0038-4be4-87d9-17b45acef2d8-768x512.jpeg 768w, https:\/\/tribann.fr\/wp-content\/uploads\/2024\/11\/3e9d37b5-0038-4be4-87d9-17b45acef2d8-1536x1024.jpeg 1536w, https:\/\/tribann.fr\/wp-content\/uploads\/2024\/11\/3e9d37b5-0038-4be4-87d9-17b45acef2d8-2048x1365.jpeg 2048w, https:\/\/tribann.fr\/wp-content\/uploads\/2024\/11\/3e9d37b5-0038-4be4-87d9-17b45acef2d8-570x380.jpeg 570w\" sizes=\"(max-width: 1024px) 100vw, 1024px\" \/><\/figure>\n\n\n\n<figure class=\"wp-block-image size-large is-resized\"><img decoding=\"async\" loading=\"lazy\" width=\"1024\" height=\"683\" src=\"https:\/\/tribann.fr\/wp-content\/uploads\/2024\/11\/DSC6144-1024x683.jpg\" alt=\"\" class=\"wp-image-1177\" style=\"width:358px;height:auto\" srcset=\"https:\/\/tribann.fr\/wp-content\/uploads\/2024\/11\/DSC6144-1024x683.jpg 1024w, https:\/\/tribann.fr\/wp-content\/uploads\/2024\/11\/DSC6144-300x200.jpg 300w, https:\/\/tribann.fr\/wp-content\/uploads\/2024\/11\/DSC6144-768x512.jpg 768w, https:\/\/tribann.fr\/wp-content\/uploads\/2024\/11\/DSC6144-1536x1024.jpg 1536w, https:\/\/tribann.fr\/wp-content\/uploads\/2024\/11\/DSC6144-2048x1365.jpg 2048w, https:\/\/tribann.fr\/wp-content\/uploads\/2024\/11\/DSC6144-570x380.jpg 570w\" sizes=\"(max-width: 1024px) 100vw, 1024px\" \/><\/figure>\n\n\n\n<hr class=\"wp-block-separator has-alpha-channel-opacity\"\/>\n\n\n\n<p><br><\/p>\n\n\n\n<p><\/p>\n","protected":false},"excerpt":{"rendered":"<p>Chacun d\u00e9tient une part de VERITE et ce ne sera qu\u2019en mettant toutes ces parts en commun que nous pourrons faire avancer la cause que nous d\u00e9fendons tous et qui nous est ch\u00e8re. Il n\u2019y a ni inf\u00e9rieur ni sup\u00e9rieur, il n\u2019y a que des ETRES mus par le m\u00eame id\u00e9al d\u2019Amour et de Libert\u00e9 [&hellip;]<\/p>\n","protected":false},"author":1,"featured_media":0,"parent":0,"menu_order":0,"comment_status":"closed","ping_status":"closed","template":"","meta":{"footnotes":""},"_hostinger_reach_plugin_has_subscription_block":false,"_hostinger_reach_plugin_is_elementor":false,"_links":{"self":[{"href":"https:\/\/tribann.fr\/index.php\/wp-json\/wp\/v2\/pages\/119"}],"collection":[{"href":"https:\/\/tribann.fr\/index.php\/wp-json\/wp\/v2\/pages"}],"about":[{"href":"https:\/\/tribann.fr\/index.php\/wp-json\/wp\/v2\/types\/page"}],"author":[{"embeddable":true,"href":"https:\/\/tribann.fr\/index.php\/wp-json\/wp\/v2\/users\/1"}],"replies":[{"embeddable":true,"href":"https:\/\/tribann.fr\/index.php\/wp-json\/wp\/v2\/comments?post=119"}],"version-history":[{"count":35,"href":"https:\/\/tribann.fr\/index.php\/wp-json\/wp\/v2\/pages\/119\/revisions"}],"predecessor-version":[{"id":1182,"href":"https:\/\/tribann.fr\/index.php\/wp-json\/wp\/v2\/pages\/119\/revisions\/1182"}],"wp:attachment":[{"href":"https:\/\/tribann.fr\/index.php\/wp-json\/wp\/v2\/media?parent=119"}],"curies":[{"name":"wp","href":"https:\/\/api.w.org\/{rel}","templated":true}]}}